 9. Suppose y - i = 0, 8 = -2*o + 3*o - 3*y. Is o a prime number?
True
Let k(v) be the third derivative of 1/8*v**4 + 3*v**2 + 17/6*v**3 + 0 + 0*v. Is k(12) a prime number?
True
Let t(y) = -10*y + 4. Suppose 3*f - 2*f + 3 = 0. Is t(f) a composite number?
True
Let w be 1/6 + 17/6. Suppose -w = 2*n - 1. Is -2*n/(-2)*-55 a composite number?
True
Let q(b) = b**3 - 2*b**2 - 3*b - 5. Let i be q(4). Suppose 10*m - i = 5*m. Suppose -4*p + 14 = -m*p. Is p a prime number?
False
Let z = -9 - -13. Suppose 2*d + z*l - 1478 = 0, 5*l + 0 = -25. Is d a composite number?
True
Let s(c) be the third derivative of -1/12*c**4 - 1/120*c**6 + c**2 + 0 + 0*c + 1/3*c**3 + 1/20*c**5. Is s(2) a prime number?
True
Let b = 126 - 55. Is b a prime number?
True
Let u = 10 - 32. Let i = 27 - u. Is i a prime number?
False
Let y(d) = 6*d**2 + 17*d + 4. Is y(11) composite?
True
Suppose 3*y + 492 - 1728 = 0. Let w = 5 - 3. Suppose -w*h - 90 = -y. Is h prime?
False
Let q(x) = 18*x**2 + 9*x + 2. Is q(-11) prime?
True
Let q = -4294 + 7293. Is q prime?
True
Suppose 0*b - 5*b = -345. Suppose 5*k - b = 6. Suppose -k = -5*t + 100. Is t a composite number?
False
Let p(f) = 7*f - 5. Let y(s) = 2*s - 12. Let j be y(9). Is p(j) composite?
False
Let s(x) = -5*x**3 + x**2 - 6*x + 2. Let p(a) = 9*a**3 - 2*a**2 + 11*a - 4. Let b(v) = 6*p(v) + 11*s(v). Let l be b(-2). Suppose 3*t - 383 = -l. Is t prime?
True
Suppose -a + 9 = 2*a, 3*g = 4*a - 6. Suppose g*m + 3*d = 614, 2*m - 614 = 4*d - 5*d. Is m a prime number?
True
Suppose -5*q + 5162 + 5603 = -3*s, 3*q + s - 6459 = 0. Is q a prime number?
True
Let j be -2 - (2 - (40 + 0)). Let n = j - 14. Is n a prime number?
False
Let b(s) = -5 + 3*s - 4 + 11*s. Is b(7) composite?
False
Suppose -f + 4 = -0*f. Suppose 0 = d + t - 20 - 14, 160 = 4*d - f*t. Is d a composite number?
False
Is (-270 + 16)*2/(-4) composite?
False
Let i be (0/5)/(-2 - 1). Suppose i = -y - 0*y + 19. Is y a prime number?
True
Suppose 3*v + 261 = 732. Is v a prime number?
True
Let s be 1/(-5) - (-72)/10. Suppose 24 = s*r - 3*r. Let c = r - -1. Is c a prime number?
True
Suppose 32 = 4*m - 448. Let z = m - 72. Suppose -d - 5*t = -68, 0 = -d + 2*d - 5*t - z. Is d composite?
True
Suppose -3*d - c - 715 = -4*d, -5*d - c + 3599 = 0. Is d composite?
False
Is (5/(-15))/(1/(-291)) a prime number?
True
Suppose -2*d - 3 + 1 = 0. Let w be (-1 - -4)*(0 - d). Is (0 - -1)/(w/255) a composite number?
True
Let j = -441 + 660. Is j prime?
False
Let n be 6/(-27) + (-2441)/(-9). Suppose i + s - 8 = -i, 15 = 5*i + 5*s. Suppose -i*j + 3*m = -n, j - 5*m - 30 = 33. Is j composite?
False
Is 20/(-5) + 1 + 166 a prime number?
True
Let v = -4 + 7. Suppose -4*u = i - 712, 0 = -v*i - 5 - 7. Is u a prime number?
True
Let i(x) = -x**3 + 16*x**2 - 10*x - 10. Is i(9) composite?
False
Let d be (-1)/4 + (-21)/(-4). Let c = d + 96. Suppose 3*j = 494 - c. Is j composite?
False
Is 127/(-4)*(-31 + 3) composite?
True
Suppose -3*j = -p + 2776 - 155, -p = -5*j - 2629. Is p a prime number?
True
Let p = 2206 + -1089. Is p composite?
False
Is (2 + (2 - 3))*14 a prime number?
False
Suppose d = 6*d - 10, 3*d = g - 740. Suppose -r + g = r. Is r a prime number?
True
Let p(r) = 66*r**2 - 7. Is p(3) composite?
False
Is (-2696)/12*(-12)/8 composite?
False
Suppose -2 - 28 = z. Let y = z + 53. Is y composite?
False
Let l be (1*2)/(8/20). Suppose 3*m + c = 5*c + 397, -2*m + l*c = -274. Is m composite?
False
Let r(s) = -13*s + 9. Let b be r(-8). Suppose -4*t + b = -p - 166, -10 = -2*p. Is t a composite number?
False
Suppose 4*o = -0*o - 112. Let j = -41 - o. Is 2 - (-2 - (-2 - j)) a composite number?
True
Is (6/8)/((-10)/(-920)) a composite number?
True
Suppose 5*o - 2990 = -595. Is o composite?
False
Is 32*16 - -4 - 2 composite?
True
Suppose 3 = -z + 6. Suppose -a = 3*r - z*a + 65, 0 = -3*r + a - 64. Let o = -8 - r. Is o a prime number?
True
Suppose 3660 = 5*x - x + 4*s, x = -5*s + 899. Is x prime?
True
Let r be (0 + (-21)/6)*-2. Let g(i) = 1 + 1 + 2*i - 1. Is g(r) a prime number?
False
Let c = 5 - 2. Suppose 0*t - c*t = -2*i - 90, -t + 4*i = -20. Suppose 4*x = t + 324. Is x prime?
True
Suppose 4*v - 607 + 59 = 0. Suppose -5*h = -48 - v. Is h composite?
False
Suppose 0*j = -2*j - d + 313, -d - 164 = -j. Let l be 1/(0 + -1)*0. Suppose 3*x - j = -l*x. Is x a composite number?
False
Let g(k) = k**3 - 10*k**2 + 10*k + 5. Let w be g(9). Suppose -w = 3*s - 191. Is s a prime number?
True
Let b(w) = 181*w**2 - 5*w + 9. Is b(3) a prime number?
False
Let b = 336 + -223. Is b a composite number?
False
Let j(p) be the third derivative of -p**4/24 - 2*p**3/3 + 2*p**2. Let b be j(-7). Is 2/b + 151/3 a composite number?
True
Let w = -45 + 82. Is 2/(-12) + w/6 composite?
True
Suppose -13 = -c - 3*k, 0 = -2*c + k - 5*k + 20. Suppose 0 = 6*v - 2*v - 4, -c*y - 5*v = -313. Is y composite?
True
Suppose 0 = n - r - 389, -2*r - 233 = -n + 156. Is n prime?
True
Suppose 4*t + 285 = -t. Let v = 122 + t. Is v prime?
False
Suppose -3*m - 485 = -x, 2501 = 5*x + m + 3*m. Suppose 3*f = x - 116. Is f a composite number?
False
Suppose -2*c = -3*j - 487, -5*c + c = -4*j - 984. Is c composite?
False
Suppose -v - 29 = 4*h + h, -3*h - 5*v - 13 = 0. Let a be (4/h)/(8/(-84)). Is a + 2/(-1) + 1 a composite number?
True
Suppose 4*w + 12 = 0, 12 = 3*x - w - w. Let q(s) = -s**3 - 2*s**2 + 5*s. Let k be q(-4). Suppose -2*h + x = -k. Is h a prime number?
True
Let t be 7945/21 + 2/(-6). Let d = -223 + t. Is d prime?
False
Let x(p) = 64*p**3 + p. Suppose z + 3 = 2*z. Suppose 5*g = 2*g + z. Is x(g) composite?
True
Suppose 2913 - 563 = 2*g - 5*w, g + 2*w = 1157. Is g a composite number?
True
Is (-686 - 17)/(1*-1) composite?
True
Let c(z) = -z**3 + 2*z**2 + 7*z + 1. Let j be c(5). Let l = j - -104. Is l composite?
True
Let c(w) = 11*w**2 + 10*w - 1. Is c(-8) a prime number?
False
Let k be (-27)/(-18) - 59/2. Let l be (-1)/(-3) + (-320)/6. Let w = k - l. Is w a composite number?
True
Let a be 3 + 1/((-2)/4). Is (-357)/(-6) + a/(-2) a composite number?
False
Let w = -9 - -3. Let l = w - -21. Is l prime?
False
Suppose 4*d = 5 - 17. Is 7 + (d - (1 + -7)) a composite number?
True
Suppose 0 = 5*z + 3*f + f - 4, 0 = 4*z + 3*f - 3. Suppose z*h = 4*h - 524. Is h composite?
False
Let x(b) = 7*b**2 - 3*b - 2. Let v(a) = 8*a**2 - 2*a - 1. Let y(t) = -5*v(t) + 6*x(t). Is y(7) composite?
True
Let o be (-359)/(-6) - 1/(-6). Suppose 3*s - 2*y = 315 + o, s - 2*y - 121 = 0. Is s composite?
False
Let a(t) = -3*t - 8. Let n be a(7). Let i = 55 + n. Suppose -2*u + 164 - i = 0. Is u prime?
False
Let d(a) = -a + 2. Let t be d(-3). Let w(l) be the second derivative of -l**4/12 + l**3 - l**2 + l. Is w(t) a composite number?
False
Let j(w) = 76*w - 10. Is j(6) prime?
False
Suppose -3*y - 2*y = -55. Is y composite?
False
Let q(o) = 5*o**2. Let f be q(-1). Let h be -2 + f/(5/(-39)). Let v = 16 - h. Is v a composite number?
True
Let r = -53 + 88. Suppose 2*p + 4*s = 142, 4*p - r - 261 = -4*s. Is p a prime number?
False
Let t be -1*(1 - 0)/1. Suppose -2*r = -39 - 17. Is (r/(-10))/(t/5) a prime number?
False
Let q(i) = 97*i**2 - i + 3. Is q(2) prime?
True
Let k = 4 + -2. Let r(t) = -5*t + t**k - 1 - 2 - 2. Is r(-4) prime?
True
Suppose -4 = -2*p + 4. Suppose -p*r + 171 = -r. Is r a prime number?
False
Let v(d) = 2*d**2 + 2*d + 17. Is v(-9) a prime number?
False
Suppose u + u = -8. Let w(c) = -24*c + 1. Is w(u) a composite number?
False
Suppose -3*i + 4*i + 3*v - 994 = 0, 3*i - 5*v - 2996 = 0. Is i a prime number?
True
Let k = -25 + 136. Is k prime?
False
Suppose -4*j + j + 1131 = 3*m, m + 1518 = 4*j. Is j a composite number?
False
Is (0 + 1)/((-8)/(-6824)) composite?
False
Let m(q) be the second derivative of 3*q**3/2 + q**2/2 - q. Let c(z) = z**2 - 7*z + 2. Let s be c(7). Is m(s) composite?
False
Let f(m) = -9*m**3 - 2*m**2 + 4*m. Is f(-3) a prime number?
False
Let v(d) = 3*d - 3 + 30*d**2 - 4*d + 3. Is v(-1) a composite number?
False
Let c(l) = -l**3 - 7*l**2 - 10*l - 12. Let x be c(-9). Let w be (-2)/7 - x/(-7). Let m = w - -5. Is m prime?
False
Suppose -w = w - 6. Suppose -3*r + 4*d + 198 - 23 = 0, 4*d = -w*r + 215. Is r prime?
False
Is (-10)/(-40) - 422/(-8) a composite number?
False
Let k(m) = 12*m**2 + m - 2. Suppose -3*n - 6 = 0, -3*x + 0*n = n - 7. Is k(x) prime?
True
Let s = 3 + 0. Suppose -v = 3*f - 90, 6